d + 5*o = -56, -n*d + 6*d = 3*o + 39. List the prime factors of d.
3
Let o(a) = -a + 2*a - 2 - 2. Let i be o(6). Suppose -i*f = -2*l - 22, 3*f - 7*f + 34 = -2*l. What are the prime factors of f?
2, 3
Let m = 131 + -53. List the prime factors of m.
2, 3, 13
Let a be (0/(-1) - 0)/(-1). Let f be 0/(1 + (a - 0)). Suppose f = -9*r + 4*r + 50. What are the prime factors of r?
2, 5
Suppose 5*x = -0*w - w + 11, -2*w - 5*x + 42 = 0. List the prime factors of w.
31
List the prime factors of ((-45)/(-6))/(2/4).
3, 5
Let t = -21 + 246. Suppose a = -4*a + t. Let r = a - 32. What are the prime factors of r?
13
Suppose -z = z - 8. List the prime factors of z.
2
Let q(d) = 3*d - 9. What are the prime factors of q(11)?
2, 3
Suppose 4*d + 2 = 14. What are the prime factors of (-11)/(-33) + 62/d?
3, 7
Suppose 0 = -2*s - 2*s - 16. Let a(b) = 4*b - 2. Let v be a(s). Let j = v - -27. List the prime factors of j.
3
Suppose -2*r - 2*r - 2*k = -2, -5*r + 13 = -k. Suppose r*y + 0 = 22. List the prime factors of y.
11
What are the prime factors of (-28)/(-4 + 7/2)?
2, 7
Let p be (-10)/(-4)*-26 - 0. List the prime factors of 1 + -2 - p/5.
2, 3
Suppose 0 = 3*x - 140 + 20. Suppose 2*i + 0*k = -3*k + x, 2*i - 38 = -2*k. List the prime factors of i.
17
Let d(v) = v**3 + 12*v**2 - 6*v - 7. What are the prime factors of d(-12)?
5, 13
Suppose 20 = y + 5*x, 5*y + 3*x - 12 = -0*y. Suppose 4*u - 2*u + 2 = y. List the prime factors of (-2)/3*6/u.
2
Let t(n) = n**2 - 2*n + 2. Let q be t(4). Suppose 0 = r - 2*r + q. List the prime factors of r.
2, 5
Let x(p) = -3*p + 23. Let v(y) = -y + 2. Let d(k) = 1. Let i(j) = 6*d(j) + v(j). Let s(c) = 17*i(c) - 6*x(c). What are the prime factors of s(5)?
3
Let m = 13 + -9. Let b(w) = 3*w - 1. Let h be b(m). Suppose 4*i + h = 35. What are the prime factors of i?
2, 3
Let c = -9 + -4. Let s = c + 23. List the prime factors of s.
2, 5
Let q(b) = b**2 + 3*b + 1. Let s be q(-3). What are the prime factors of s*(-3 - -2) - -3?
2
Let r be (3/2)/((-6)/(-12)). Suppose -o = r*g - 6, 5*g = -o + 2*o - 38. Suppose -3*w + o = -0*w. List the prime factors of w.
2, 3
Suppose 2*q + 3 = 11. Suppose -3 = w - 4*w + 2*o, 4*w + q*o = 4. What are the prime factors of w/2 + (-63)/(-6)?
11
Suppose -5*d + 26 - 1 = 0. Suppose 0 = d*a + g - 30, 2*a + 0 = 3*g + 12. List the prime factors of ((-4)/a)/(2/(-42)).
2, 7
Suppose 3*o = 4*j + 9, 2*j + 2*j + 2*o = 6. Let g(w) = 9*w - 1. Let d be g(1). Let z = j + d. What are the prime factors of z?
2
Suppose 3*z - 4*y + 4 = -7, -2*z + 21 = 3*y. List the prime factors of 34/((-4)/(-12)*z).
2, 17
Suppose 0 = 7*w - 2*w. Suppose w*a - a = -3*k - 39, 4*k + 12 = 0. Suppose a + 15 = 3*c. List the prime factors of c.
3, 5
Let f = -1 - -6. Suppose 3*q - q = -4*v + 78, -f*q - 4*v = -195. List the prime factors of q.
3, 13
Suppose -4*f = -8 + 4. Let m(c) = -c**3 - c + 25. Let a be m(0). Suppose -5*s = -t - a, -4*s + 5*t + f = 2. List the prime factors of s.
2, 3
Suppose 0 = c - 5*c - 32. Let g(m) = m**3 - m - 1. Let k(u) = -3*u**3 + 7*u**2 - 2*u + 15. Let j(h) = -4*g(h) - k(h). List the prime factors of j(c).
5
Let i be 0 + (1 - -1) + 0. Let k = 25 - 60. List the prime factors of k/(-7) + (1 - i).
2
Let y(a) = -a**3 + 5*a**2 + 6*a + 8. Suppose 0 = -4*b + 5 + 19. List the prime factors of y(b).
2
Let w(q) = 28*q**2 + 2*q - 3. What are the prime factors of w(2)?
113
Let j = 114 + -70. Suppose -3*b + j = -b. List the prime factors of b.
2, 11
Let k(t) = -t**2 + 5*t - 1. Let y be k(2). Suppose n = 2*z + 2*z + 22, -n - y*z + 40 = 0. List the prime factors of n.
2, 3, 5
Let g(h) = h - 11. Let y be g(-7). What are the prime factors of 4/y + 1356/27?
2, 5
Let m(c) = 7*c - 4. Let g be m(3). Let d = g + -7. What are the prime factors of d?
2, 5
Suppose -2*y = -6*y + 5*x - 39, y - 9 = -5*x. Let j be (-2)/y + 20/3. Let r = j + -5. What are the prime factors of r?
2
Let i = 44 + -13. List the prime factors of i.
31
Suppose -w = -0*w - 22. What are the prime factors of w?
2, 11
Suppose 0 = 4*b - 14 - 10. List the prime factors of (2/(-4))/(b/(-456)).
2, 19
Let r(x) = -x + 29. What are the prime factors of r(-7)?
2, 3
Suppose 0 = -u + 7*w - 2*w, 3*w = 5*u. Suppose u = 4*a + a - 95. What are the prime factors of a?
19
Let r(c) = 2 - 10 - 12*c - 6*c**2 + 5*c**2. What are the prime factors of r(-9)?
19
Let d(k) = k**3 + 12*k**2 + 8*k - 8. What are the prime factors of d(-9)?
163
Let p be 0 + 1*18/2. Let x = p + 17. List the prime factors of x.
2, 13
Let p be (-16)/56 - (-114)/7. Let w = -1 + 7. Let r = p - w. What are the prime factors of r?
2, 5
Let v(a) = a**3 - 5*a**2 + 5*a + 4. Let i be v(4). What are the prime factors of 138/i + (-2)/8?
17
Let f(x) = 6*x**2 + 13*x - 6. What are the prime factors of f(-6)?
2, 3, 11
Suppose -4*s = -4*r + 24, -4*r + 27 = -5*s - 3. Let l(v) = v**2 + 5*v + 9. What are the prime factors of l(s)?
3, 5
Suppose -7 = -2*a + a. What are the prime factors of a?
7
Let f = -64 + 98. Suppose 0 = u + u - f. List the prime factors of u.
17
Suppose 354 = 5*a - u, -5*a + 4*u = -u - 350. What are the prime factors of a?
71
Let g(r) = -2*r + 5. Suppose 2*h + 4*k = 2, -h + 2*k = -4*h - 13. List the prime factors of g(h).
19
Let y = -3 - -5. Suppose y*p + 7 - 53 = 0. Suppose q - o = -0*o + p, 2*q - 36 = -3*o. What are the prime factors of q?
3, 7
Suppose 110 = 3*h - 5*f - 0*f, 5*h = f + 154. Suppose -h = 2*y - 5*y. List the prime factors of y.
2, 5
Let w(m) = -m**3 + 7*m**2 - m - 2. Let c be w(6). Let o = c + -3. What are the prime factors of o?
5
What are the prime factors of ((-144)/10)/((-42)/140)?
2, 3
Let b = 7 - 5. Suppose 5*x - 112 = -b*u + 58, -x - 4*u = -52. List the prime factors of x.
2
Suppose 3*p + 2*s - 207 = 0, 222 = -0*p + 3*p - 3*s. What are the prime factors of p?
71
Let j(d) = -d - 1 + 4 + 4. List the prime factors of j(0).
7
Let b be (7/(-2))/((-2)/4). Suppose -b*q + 4*q + 12 = 0. Suppose g + 30 = q*g. What are the prime factors of g?
2, 5
Suppose 2*x + 3*m - 330 = 0, 0 = 5*x - 6*m + 5*m - 808. What are the prime factors of x?
2, 3
Let u(z) = -z**3 - 5*z**2 + 4*z. Let f be u(-6). Let d = f + 6. Let r = -7 + d. List the prime factors of r.
11
Let z be 2 + (-2 - 1) + 38. Suppose -3*j = j - 92. Let r = z - j. What are the prime factors of r?
2, 7
Suppose -5*u - a = -25, 0 = -4*u + 4*a - 2*a + 20. Suppose 0*f = u*f - 55. List the prime factors of f.
11
Let s = -8 - -13. Suppose -x - 3 = 4*c, -s*x - 3*c - 18 = -88. Suppose -3*r = -x - 19. List the prime factors of r.
2, 3
Suppose -y - y = -32. List the prime factors of 14/3 + y/(-24).
2
Let x(d) = 4*d + 5. Let o be x(4). Suppose 3*k = -i + 42, k - 2*k + 2*i = -o. What are the prime factors of k?
3, 5
List the prime factors of 21/7 + -1 + 1.
3
Suppose j + 87 - 33 = 3*u, -2*u - j + 31 = 0. What are the prime factors of u?
17
Let c be 5 - (4/2 - 0). Suppose -5*w + 3*q + 23 = 0, 4*q - c*q = -5*w + 19. What are the prime factors of w*((-1 - 2) + 4)?
2
Suppose -5*t = -13 + 3. Let i(h) = -6*h + 1. Let d be i(-1). Suppose d = z + t. What are the prime factors of z?
5
Suppose -50 = -5*v + 30. List the prime factors of v.
2
List the prime factors of 1*46*(-11)/(-22).
23
Suppose -5*g = 4 - 19. List the prime factors of g.
3
Let d be (0 + 0 + -3)*3. List the prime factors of (-6)/d + 80/6.
2, 7
Suppose -4*g + 9 = -35. Let m = g + -7. What are the prime factors of m?
2
Suppose 8*q - 3*q = 10. Suppose -q*a - 5*m = -0*a + 35, 0 = -2*a + 4*m + 10. Let p(l) = -2*l + 1. List the prime factors of p(a).
11
Let n be (-30)/(-5)*(-1)/(-2). Let m be (n/2)/(9/60). Suppose m = 2*v - 8. List the prime factors of v.
3
List the prime factors of ((-18)/8)/((-14)/112).
2, 3
Let x = -43 + 78. What are the prime factors of x?
5, 7
Suppose 3*j + 8 = 5*j, -4*f + 40 = -j. What are the prime factors of f?
11
Let a = -42 - -60. Let f = a + -13. What are the prime factors of f?
5
Let w be (-2)/6 - (-20)/(-12). Let a = w + 2. Suppose a*l - 3*l + 9 = 0. List the prime factors of l.
3
Let g(c) = c**2 - 7*c + 3. Let l be 8/(-36) + 130/18. Let j be g(l). Suppose 0 = -j*v + 5*v - 16. What are the prime factors of v?
2
Let g be (-8)/(2 + (-27)/12). Let x = g + -19. List the prime factors of x.
13
Suppose 3*n + n = 12. List the prime factors of 0 + (-1 - (-12)/n).
3
Suppose -42 = 3*n + 5*q - 2*q, -5*n + q = 52. Let v = 25